{"id":136,"date":"2018-11-11T16:37:31","date_gmt":"2018-11-11T16:37:31","guid":{"rendered":"http:\/\/metrologiaavanzada.com.mx\/Site\/?post_type=product&#038;p=136"},"modified":"2018-11-11T23:26:12","modified_gmt":"2018-11-11T23:26:12","slug":"series-264-usb-input-tool-direct-instrumentos-digimatic-dispositivo-de-salida-de-datos-a-una-pc","status":"publish","type":"product","link":"https:\/\/metrologiaavanzada.com.mx\/Site\/producto\/series-264-usb-input-tool-direct-instrumentos-digimatic-dispositivo-de-salida-de-datos-a-una-pc\/","title":{"rendered":"SERIES 264 \u2014 USB Input Tool Direct Instrumentos Digimatic \/ Dispositivo de Salida de Datos a una PC"},"content":{"rendered":"<p>Una herramienta de recolecci\u00f3n de datos que ofrece operaci\u00f3n sencilla (conexi\u00f3n HID) y<br \/>\nsoftware opcional para ingresar datos a Microsoft Excel a un precio razonable. Una forma<br \/>\nm\u00e1s sofi sticada para mejorar la efi ciencia operativa!<\/p>\n<p><strong>Uso del USB-ITN como una interfaz dedicada para indicadores Digimatic compatibles con dispositivos de teclado HID<\/strong><\/p>\n<p>Al igual que el popular modelo IT-012U, este dispositivo es capaz de ingresar los datos de medici\u00f3n a Microsoft Excel o a un bloque de notas.<br \/>\nEjemplo de aplicaci\u00f3n: uso del USB-ITN para ingresar los datos seleccionando la entrada de datos flexiblemente durante una medici\u00f3n cuyo<br \/>\nprocedimiento no se puede determinar de antemano (como la inspecci\u00f3n de art\u00edculos o productos de prueba con pocas mediciones o sin procedimientos<br \/>\nrepetidos).<\/p>\n<p><strong>Uso del USB-ITN en combinaci\u00f3n con opciones dedicadas<\/strong><\/p>\n<p>Si necesita algo m\u00e1s que la capacidad de cargar los datos de medici\u00f3n a Excel, el software opcional USB-ITPAK puede crear un<br \/>\nprocedimiento de entrada de datos a una hoja de Excel para mejorar la eficiencia operativa de inspecciones repetidas. Ejemplo de<br \/>\naplicaci\u00f3n: uso de USB-ITN en combinaci\u00f3n con USB-ITPAK V2.0 para mejorar la eficiencia operativa de las inspecciones diarias, tales<\/p>\n","protected":false},"excerpt":{"rendered":"<p>Conveniente herramienta de recoleccion de datos y software de control de calidad.<\/p>\n<p><strong>Especificaci\u00f3n principal<\/strong><\/p>\n<ul>\n<li>Compatibilidad de salida: USB1.1 y USB2.0<\/li>\n<li>Software del controlodor que soporta: Intercambiable entre<\/li>\n<li>Cuando se usa independiente: Teclado HID*<\/li>\n<li>Cuando se usa con USB-ITPAK 0: Puerto Virtual COM (VCP)<\/li>\n<li>Velocidad de comunicaci\u00f3nn: 12Mbps (Velocidad total)<\/li>\n<li>Suministro de energ\u00eda: Alimentaci\u00f3n por bus USB<\/li>\n<li>Peso: 59g<\/li>\n<li>USB2.0: Certificado<\/li>\n<li>Conforma con las Directivas EMC.<\/li>\n<\/ul>\n<p>*Dado que este dispositivo es compatible con el software del controlador est\u00e1ndar de Windows, no se requiere un software de controlador dedicado.<\/p>\n","protected":false},"featured_media":137,"comment_status":"open","ping_status":"closed","template":"","meta":{"_et_pb_use_builder":"","_et_pb_old_content":"","_et_gb_content_width":""},"product_cat":[19],"product_tag":[20],"class_list":{"0":"post-136","1":"product","2":"type-product","3":"status-publish","4":"has-post-thumbnail","6":"product_cat-administracion-de-datos","7":"product_tag-datos","9":"first","10":"instock","11":"shipping-taxable","12":"product-type-simple"},"_links":{"self":[{"href":"https:\/\/metrologiaavanzada.com.mx\/Site\/wp-json\/wp\/v2\/product\/136","targetHints":{"allow":["GET"]}}],"collection":[{"href":"https:\/\/metrologiaavanzada.com.mx\/Site\/wp-json\/wp\/v2\/product"}],"about":[{"href":"https:\/\/metrologiaavanzada.com.mx\/Site\/wp-json\/wp\/v2\/types\/product"}],"replies":[{"embeddable":true,"href":"https:\/\/metrologiaavanzada.com.mx\/Site\/wp-json\/wp\/v2\/comments?post=136"}],"wp:featuredmedia":[{"embeddable":true,"href":"https:\/\/metrologiaavanzada.com.mx\/Site\/wp-json\/wp\/v2\/media\/137"}],"wp:attachment":[{"href":"https:\/\/metrologiaavanzada.com.mx\/Site\/wp-json\/wp\/v2\/media?parent=136"}],"wp:term":[{"taxonomy":"product_cat","embeddable":true,"href":"https:\/\/metrologiaavanzada.com.mx\/Site\/wp-json\/wp\/v2\/product_cat?post=136"},{"taxonomy":"product_tag","embeddable":true,"href":"https:\/\/metrologiaavanzada.com.mx\/Site\/wp-json\/wp\/v2\/product_tag?post=136"}],"curies":[{"name":"wp","href":"https:\/\/api.w.org\/{rel}","templated":true}]}}